me factors of 567670435?
5, 113534087
List the prime factors of 11261398.
2, 23, 244813
What are the prime factors of 70592355?
3, 5, 47, 33377
What are the prime factors of 812229686?
2, 406114843
List the prime factors of 56714378.
2, 7, 1303, 3109
What are the prime factors of 4243855?
5, 7, 11, 73, 151
What are the prime factors of 103175192?
2, 31, 541, 769
List the prime factors of 150662426.
2, 71, 103, 10301
List the prime factors of 76925545.
5, 29, 197, 2693
List the prime factors of 1025444441.
7, 146492063
What are the prime factors of 167858813?
167858813
List the prime factors of 726095552.
2, 7, 13, 124673
What are the prime factors of 22847703?
3, 491, 15511
List the prime factors of 597259291.
37, 521, 30983
What are the prime factors of 1580095203?
3, 31, 239, 71089
List the prime factors of 117027364.
2, 103, 479, 593
List the prime factors of 275007011.
17, 47, 344189
What are the prime factors of 18254257?
7, 31, 84121
List the prime factors of 1242507676.
2, 83, 3742493
List the prime factors of 47137044.
2, 3, 41, 149, 643
List the prime factors of 245761397.
7, 31, 1132541
List the prime factors of 16311938.
2, 1301, 6269
List the prime factors of 67145758.
2, 2549, 13171
List the prime factors of 1105369.
109, 10141
What are the prime factors of 150919218?
2, 3, 8384401
List the prime factors of 3956810898.
2, 3, 491, 1343113
What are the prime factors of 4606940198?
2, 7, 329067157
What are the prime factors of 1507295172?
2, 3, 10973, 11447
List the prime factors of 18036580.
2, 5, 101, 8929
What are the prime factors of 161481132?
2, 3, 4485587
List the prime factors of 776958835.
5, 155391767
List the prime factors of 351649897.
351649897
List the prime factors of 49359040.
2, 5, 154247
What are the prime factors of 158070968?
2, 11, 509, 3529
List the prime factors of 75992324.
2, 19, 307, 3257
List the prime factors of 16876278.
2, 3, 937571
What are the prime factors of 415445344?
2, 12982667
List the prime factors of 117172082.
2, 53, 1105397
What are the prime factors of 2744117039?
103, 193, 138041
What are the prime factors of 1658616358?
2, 7, 8887, 13331
List the prime factors of 51032170.
2, 5, 7, 23, 29, 1093
What are the prime factors of 112310628?
2, 3, 9359219
List the prime factors of 5959486145.
5, 1191897229
What are the prime factors of 52575975?
3, 5, 181, 1291
What are the prime factors of 296635263?
3, 1091, 90631
What are the prime factors of 117671927?
41, 2870047
What are the prime factors of 128970533?
128970533
What are the prime factors of 24507117?
3, 29, 10433
What are the prime factors of 73343158?
2, 7, 67, 78191
What are the prime factors of 1107549214?
2, 31, 1901, 9397
What are the prime factors of 269385814?
2, 29, 4644583
List the prime factors of 1801995017.
19, 94841843
List the prime factors of 2186743.
13, 168211
List the prime factors of 423922712.
2, 52990339
List the prime factors of 2846959521.
3, 7, 135569501
What are the prime factors of 286293425?
5, 11, 19, 157, 349
List the prime factors of 17904045.
3, 5, 1193603
List the prime factors of 1197697901.
443, 2703607
What are the prime factors of 37312361?
137, 272353
What are the prime factors of 150238827?
3, 683, 8147
List the prime factors of 273077366.
2, 149, 916367
What are the prime factors of 3344163054?
2, 3, 211, 2641519
What are the prime factors of 449997117?
3, 101, 1485139
List the prime factors of 2698668626.
2, 41, 2531, 13003
List the prime factors of 768117145.
5, 67, 2292887
What are the prime factors of 98122742?
2, 17, 37, 77999
What are the prime factors of 1695816062?
2, 17, 49876943
What are the prime factors of 251138661?
3, 83, 1008589
What are the prime factors of 507780560?
2, 5, 7, 906751
What are the prime factors of 376407067?
47, 1531, 5231
What are the prime factors of 208368881?
7, 17, 1750999
What are the prime factors of 258187579?
13, 1693, 11731
List the prime factors of 36691148.
2, 13, 29, 839
What are the prime factors of 2470550731?
11, 1787, 125683
List the prime factors of 2993051619.
3, 37, 41, 219223
What are the prime factors of 1599740480?
2, 5, 13, 29581
List the prime factors of 1529932788.
2, 3, 42498133
What are the prime factors of 1924043039?
41, 109, 263, 1637
What are the prime factors of 35841593?
17, 29, 72701
List the prime factors of 39068135.
5, 239, 32693
What are the prime factors of 726697?
726697
List the prime factors of 571523640.
2, 3, 5, 61, 163, 479
List the prime factors of 2105423300.
2, 5, 21054233
What are the prime factors of 430207394?
2, 215103697
List the prime factors of 2682306512.
2, 17, 29, 340049
What are the prime factors of 286891445?
5, 2027, 28307
What are the prime factors of 19239220?
2, 5, 7, 11, 13, 31
List the prime factors of 902288408.
2, 7, 89, 269, 673
What are the prime factors of 568219763?
568219763
List the prime factors of 1271534591.
1271534591
What are the prime factors of 582377517?
3, 17, 47, 109, 743
What are the prime factors of 28462512?
2, 3, 13, 45613
List the prime factors of 17982246.
2, 3, 19, 157739
List the prime factors of 47430432.
2, 3, 7, 3361
What are the prime factors of 31290147?
3, 7, 496669
List the prime factors of 53313308.
2, 79, 168713
List the prime factors of 221417254.
2, 110708627
What are the prime factors of 199268417?
9013, 22109
List the prime factors of 233042088.
2, 3, 83, 116989
What are the prime factors of 50455153?
7, 1029697
What are the prime factors of 174604438?
2, 87302219
List the prime factors of 73962518.
2, 7, 59, 151, 593
What are the prime factors of 970946382?
2, 3, 7, 23117771
What are the prime factors of 59439589?
11, 29, 389, 479
What are the prime factors of 1725828959?
229, 7536371
What are the prime factors of 239008176?
2, 3, 11, 150889
List the prime factors of 6146270058.
2, 3, 67, 15289229
What are the prime factors of 21957556?
2, 5489389
List the prime factors of 570776814.
2, 3, 2339, 4519
List the prime factors of 454409429.
127, 193, 18539
List the prime factors of 27597704.
2, 3449713
List the prime factors of 2334433136.
2, 7, 20843153
What are the prime factors of 954178982?
2, 523, 912217
List the prime factors of 1411344436.
2, 352836109
List the prime factors of 6938707189.
3221, 2154209
What are the prime factors of 46348184?
2, 5793523
What are the prime factors of 984307314?
2, 3, 164051219
List the prime factors of 5753666101.
5753666101
What are the prime factors of 2678154309?
3, 61, 4878241
List the prime factors of 106732143.
3, 7, 41, 5903
List the prime factors of 439290255.
3, 5, 587, 49891
List the prime factors of 407928047.
407928047
What are the prime factors of 6095069845?
5, 1219013969
List the prime factors of 29929113.
3, 3325457
What are the prime factors of 79558830?
2, 3, 5, 13, 53, 1283
What are the prime factors of 22406568?
2, 3, 933607
List the prime factors of 62013846.
2, 3, 97, 127, 839
List the prime factors of 16088284.
2, 4022071
List the prime factors of 1222091429.
13, 94007033
List the prime factors of 2164065532.
2, 541016383
What are the prime factors of 101158734?
2, 3, 3457, 4877
What are the prime factors of 3373599426?
2, 3, 349, 1611079
List the prime factors of 1698800460.
2, 3, 5, 7, 4044763
List the prime factors of 3617282115.
3, 5, 1669, 48163
List the prime factors of 256250732.
2, 73, 193, 4547
List the prime factors of 1127368966.
2, 23, 24508021
What are the prime factors of 67252406?
2, 13, 2586631
What are the prime factors of 75200910?
2, 3, 5, 2506697
What are the prime factors of 1170207535?
5, 7, 181, 184721
List the prime factors of 633077201.
633077201
List the prime factors of 107097769.
421, 254389
List the prime factors of 76648951.
76648951
What are the prime factors of 97301707?
23, 587, 7207
List the prime factors of 115933530.
2, 3, 5, 3864451
List the prime factors of 154547828.
2, 67, 576671
List the prime factors of 267257240.
2, 5, 23, 290497
List the prime factors of 343655075.
5, 23, 29, 37, 557
What are the prime factors of 406908541?
13, 19, 29, 56807
What are the prime factors of 2779021455?
3, 5, 7, 439, 60289
What are the prime factors of 884109700?
2, 5, 8841097
List the prime factors of 71873724.
2, 3, 13, 53, 8693
What are the prime factors of 937436777?
83, 1931